{"id":3629,"date":"2013-08-06T11:59:45","date_gmt":"2013-08-06T09:59:45","guid":{"rendered":"http:\/\/fifties-horror.de\/?page_id=3629"},"modified":"2013-08-06T15:06:12","modified_gmt":"2013-08-06T13:06:12","slug":"fiction-house-horror","status":"publish","type":"page","link":"http:\/\/fifties-horror.de\/?page_id=3629","title":{"rendered":"FICTION HOUSE HORROR"},"content":{"rendered":"<p>Die 13 Gruselhefte aus dem Verlag Fiction House sind nur eine Fu\u00dfnote im Pre-Code-Horror und beginnen sogar als abgefeimter Pre-Code-Schwindel.<br \/>\nDenn der Verlag f\u00fcllt zun\u00e4chst f\u00fcnf komplette Hefte mit schamlosen Nachdrucken aus den 40er Jahren. Und die sind zum Teil noch verschnitten und verst\u00fcmmelt!<\/p>\n<div id=\"attachment_3504\" style=\"width: 298px\" class=\"wp-caption alignright\"><a href=\"http:\/\/fifties-horror.de\/filecollection\/2013\/07\/CoverGhost2.jpg\"><img loading=\"lazy\" decoding=\"async\" aria-describedby=\"caption-attachment-3504\" class=\" wp-image-3504\" alt=\"CoverGhost2\" src=\"http:\/\/fifties-horror.de\/filecollection\/2013\/07\/CoverGhost2.jpg\" width=\"288\" height=\"438\" srcset=\"http:\/\/fifties-horror.de\/filecollection\/2013\/07\/CoverGhost2.jpg 1000w, http:\/\/fifties-horror.de\/filecollection\/2013\/07\/CoverGhost2-197x300.jpg 197w, http:\/\/fifties-horror.de\/filecollection\/2013\/07\/CoverGhost2-674x1024.jpg 674w, http:\/\/fifties-horror.de\/filecollection\/2013\/07\/CoverGhost2-624x947.jpg 624w\" sizes=\"(max-width: 288px) 100vw, 288px\" \/><\/a><p id=\"caption-attachment-3504\" class=\"wp-caption-text\">Immer ein Hingucker: Cover von GHOST COMICS<\/p><\/div>\n<p>Dazu bedient sich der Verlag aus dem Fundus seiner \u00fcber 200 Geistergeschichten und okkulten Dramen aus den Anthologie-Heften JUMBO COMICS, RANGERS COMICS und WINGS COMICS.<br \/>\nFiction House war eine gro\u00dfe Nummer schon zu Beginn des Zweiten Weltkriegs und produzierte mit Hilfe des Iger Studios \u201eWundert\u00fcten\u201c-Comics (<em>in etwa mit dem deutschen ZACK! vergleichbar<\/em>) in hoher Zahl, prall gef\u00fcllt mit Spionage, Krieg, Humor und Abenteuer.<\/p>\n<p>Diese seit dem Sp\u00e4tsommer 1942 (!) erscheinenden mystischen Geschichten z\u00e4hlen aus zwei Gr\u00fcnden NICHT zum Horrorkanon:<\/p>\n<p>Erstens sind es nur einzelne &#8222;features&#8220; in einem Gesamtpaket (und von den Seitenzahlen her zu wenig, um diese Comics zu Horror-Hybridheften zu stempeln), und zweitens liegt der Akzent nicht auf dem Horror per se, sondern auf der detektivischen Untersuchung \u00fcbernat\u00fcrlicher Ph\u00e4nomene oder der Anreicherung einer Kriegshandlung durch das Eingreifern okkulter M\u00e4chte.<\/p>\n<p>Mit dem einsetzenden Horrorboom verpackt Fiction House umfrisierte Geschichten neu \u2013 und zwar in spektakul\u00e4r sch\u00f6ne (neu gestaltete) Pin-Up-Cover des Titelmagiers Maurice Whitman.<br \/>\nF\u00fcnf Ausgaben lang wirft der Verlag waschechte Mogelpackungen auf den Markt, dann geben sie sich einen Ruck und pr\u00e4sentieren aktuelles Material.<\/p>\n<p><strong>GHOST COMICS<\/strong> und<\/p>\n<p><strong>MONSTER<\/strong><\/p>\n<div id=\"attachment_3506\" style=\"width: 298px\" class=\"wp-caption alignleft\"><a href=\"http:\/\/fifties-horror.de\/filecollection\/2013\/07\/ThingThatWalked1.jpg\"><img loading=\"lazy\" decoding=\"async\" aria-describedby=\"caption-attachment-3506\" class=\" wp-image-3506\" alt=\"ThingThatWalked1\" src=\"http:\/\/fifties-horror.de\/filecollection\/2013\/07\/ThingThatWalked1.jpg\" width=\"288\" height=\"426\" srcset=\"http:\/\/fifties-horror.de\/filecollection\/2013\/07\/ThingThatWalked1.jpg 1000w, http:\/\/fifties-horror.de\/filecollection\/2013\/07\/ThingThatWalked1-202x300.jpg 202w, http:\/\/fifties-horror.de\/filecollection\/2013\/07\/ThingThatWalked1-691x1024.jpg 691w, http:\/\/fifties-horror.de\/filecollection\/2013\/07\/ThingThatWalked1-624x923.jpg 624w\" sizes=\"(max-width: 288px) 100vw, 288px\" \/><\/a><p id=\"caption-attachment-3506\" class=\"wp-caption-text\">Splash-Page von Benulis &amp; Abel<\/p><\/div>\n<p>Hei\u00dfen die beiden Heftserien von Fiction House. Zwei Titel, die sehr naheliegend zum Genre passen, aber nie von anderen Verlagen benutzt wurden.<br \/>\nMONSTER erscheint nur zweimal im Jahre 1953.<br \/>\nDass niemand weder davor noch danach diesen wirklich sinnf\u00e4lligen Titel haben wollte, ist mir ein echtes R\u00e4tsel.<\/p>\n<p>Die Zeichner, die FICTION HOUSE HORROR dann doch ein frisches Gesicht geben, sind <strong>Bill Discount, John Belcastro<\/strong> \u2013 vor allem aber das Duo <strong>Bill Benulis und Jack Abel<\/strong>.<br \/>\nDie 9 Geschichten aus ihrer Feder sind (zumindest grafisch) so attraktiv, dass sich Fiction Houses Einstieg ins Horrorgesch\u00e4ft doch noch gelohnt hat.<\/p>\n<p>Wer mehr wissen m\u00f6chte, ist herzlich eingeladen, meine englische Webseite <a href=\"http:\/\/highest-standard.de\/\" target=\"_blank\">FICTION HOUSE &amp; STANDARD HORROR <\/a>zu studieren.<br \/>\nAuf jeden Fall empfehle ich den Blick auf meine Auswahl von Fiction House-Horrorgeschichten (bunt gemischt), die ich ebendort unter dem Men\u00fcpunkt \u201eStories\u201c pr\u00e4sentiere.<\/p>\n<p>&nbsp;<\/p>\n","protected":false},"excerpt":{"rendered":"<p>Die 13 Gruselhefte aus dem Verlag Fiction House sind nur eine Fu\u00dfnote im Pre-Code-Horror und beginnen sogar als abgefeimter Pre-Code-Schwindel. Denn der Verlag f\u00fcllt zun\u00e4chst f\u00fcnf komplette Hefte mit schamlosen Nachdrucken aus den 40er Jahren. Und die sind zum Teil noch verschnitten und verst\u00fcmmelt! Dazu bedient sich der Verlag aus dem Fundus seiner \u00fcber 200 [&hellip;]<\/p>\n","protected":false},"author":4,"featured_media":3802,"parent":3594,"menu_order":14,"comment_status":"closed","ping_status":"closed","template":"page-wissen.php","meta":{"footnotes":""},"_links":{"self":[{"href":"http:\/\/fifties-horror.de\/index.php?rest_route=\/wp\/v2\/pages\/3629"}],"collection":[{"href":"http:\/\/fifties-horror.de\/index.php?rest_route=\/wp\/v2\/pages"}],"about":[{"href":"http:\/\/fifties-horror.de\/index.php?rest_route=\/wp\/v2\/types\/page"}],"author":[{"embeddable":true,"href":"http:\/\/fifties-horror.de\/index.php?rest_route=\/wp\/v2\/users\/4"}],"replies":[{"embeddable":true,"href":"http:\/\/fifties-horror.de\/index.php?rest_route=%2Fwp%2Fv2%2Fcomments&post=3629"}],"version-history":[{"count":0,"href":"http:\/\/fifties-horror.de\/index.php?rest_route=\/wp\/v2\/pages\/3629\/revisions"}],"up":[{"embeddable":true,"href":"http:\/\/fifties-horror.de\/index.php?rest_route=\/wp\/v2\/pages\/3594"}],"wp:featuredmedia":[{"embeddable":true,"href":"http:\/\/fifties-horror.de\/index.php?rest_route=\/wp\/v2\/media\/3802"}],"wp:attachment":[{"href":"http:\/\/fifties-horror.de\/index.php?rest_route=%2Fwp%2Fv2%2Fmedia&parent=3629"}],"curies":[{"name":"wp","href":"https:\/\/api.w.org\/{rel}","templated":true}]}}