{"id":11,"date":"2011-04-06T08:43:46","date_gmt":"2011-04-06T06:43:46","guid":{"rendered":"http:\/\/fifties-horror.de\/?page_id=11"},"modified":"2018-05-16T09:19:47","modified_gmt":"2018-05-16T07:19:47","slug":"impressum","status":"publish","type":"page","link":"https:\/\/fifties-horror.de\/?page_id=11","title":{"rendered":"Kontakt &amp; Impressum"},"content":{"rendered":"<h3>Inhaltlich verantwortlich gem\u00e4\u00df \u00a7 10 Absatz 3 MDStV:<\/h3>\n<p>&nbsp;<\/p>\n<div id=\"attachment_653\" style=\"width: 324px\" class=\"wp-caption alignright\"><img loading=\"lazy\" decoding=\"async\" aria-describedby=\"caption-attachment-653\" class=\"size-full wp-image-653 \" title=\"TheManWK\" src=\"http:\/\/fifties-horror.de\/filecollection\/2011\/04\/TheManWK.jpg\" alt=\"\" width=\"314\" height=\"209\" srcset=\"https:\/\/fifties-horror.de\/filecollection\/2011\/04\/TheManWK.jpg 448w, https:\/\/fifties-horror.de\/filecollection\/2011\/04\/TheManWK-300x199.jpg 300w\" sizes=\"(max-width: 314px) 100vw, 314px\" \/><p id=\"caption-attachment-653\" class=\"wp-caption-text\">Dieses h\u00fcbsche Schnappschussfoto machte der Musiker, Autor und Filmemacher Mark Wale. Infos zu seinem Filmprojekt unter http:\/\/samizdatproductions.com\/thecow<\/p><\/div>\n<p><strong>Tillmann Courth<\/strong><\/p>\n<p>Am Zuckerberg 9<\/p>\n<p>50668 K\u00f6ln<\/p>\n<p>info@tillmanncourth.de<\/p>\n<p>oder<\/p>\n<p><strong>mail@fifties-horror.de<\/strong><\/p>\n<p>Freue mich \u00fcber Kontaktaufnahme, R\u00fcckfragen und sachdienliche Hinweise aller Art. Nat\u00fcrlich bin ich stets interessiert an Originalheften (da fehlen noch so einige, die noch kein Mensch \u00f6ffentlich zu Gesicht bekommen hat).<\/p>\n<p><strong><span style=\"text-decoration: underline\">Zur Person: <\/span><\/strong><\/p>\n<p>Mein Name ist Tillmann &#8211; und ich bin Comicleser\u2026<br \/>\nAls Sch\u00fcler schon angefixt von MAD, ZACK und ersten Nachdrucken klassischer EC-Hefte habe ich dann doch studiert und einen Magistergrad in Kommunikationsforschung und Germanistik an der Universit\u00e4t Bonn erworben (nicht gekauft).<br \/>\nNach einigen Jahren als Kulturjournalist trieb es mich selber auf die B\u00fchne, wo ich 13 Jahre lang als Conf\u00e9rencier und Kabarettist gewirkt habe. Inzwischen halte ich mich als Regisseur und Co-Autor lieber im Hintergrund.<br \/>\nSeit 2011 widme ich mich der journalistischen Aufarbeitung des (meiner Meinung nach) spannendsten Kapitels der Comicgeschichte: die fr\u00fchen 50er Jahre. Dort speziell die Geburt und chaotische Kindheit der Horrorcomics.<\/p>\n<p><strong><span style=\"text-decoration: underline\">Zur Sache:<\/span><\/strong><\/p>\n<p style=\"text-align: left\">Mit meiner deutschen Webseite FIFTIES HORROR versuche ich den magisch-naiven Kosmos dieser wilden Kreativphase zu beschreiben und auszuleuchten.<br \/>\nDes Weiteren bin ich Mitarbeiter bei der Grand Comics Database und beim Digital Comic Museum, wo ich unter dem Pseudonym \u201etilliban\u201c Hefte scanne und hochlade.<br \/>\nMit dem US-Comichistoriker Jim Vadeboncoeur, Jr. treffe ich mich regelm\u00e4\u00dfig und tausche mich \u00fcber Verlage und Zeichner aus.<br \/>\nInzwischen habe ich auch drei englischsprachige Webseiten installiert, auf denen ich detailliert die Horrorhefte einzelner Verlage bespreche.<br \/>\nIch halte Vortr\u00e4ge (nicht nur) \u00fcber Horrorcomics &#8211; so geschehen an Schulen, auf B\u00fchnen, im K\u00f6lner Filmhaus, in Kunstgalerien, bei der ComFor-Tagung in Erlangen und im C\u00f6ln Comic Haus.<br \/>\nEine ganz schnelle Pr\u00e4sentation hielt ich 2011 im Rahmen einer \u201e<a title=\"Diashow zu Horrorcomics\" href=\"http:\/\/pechakucha.de\/cologne\/player\/?event=PKC_10&amp;position=10&amp;presenter=Tillmann%20Courth&amp;presentation=Horrorcomics%20und%20Zensur\" target=\"_blank\">Pechakucha<\/a>\u201c-Diashow.<br \/>\nAktueller (und sachlich korrekter, ahem!) ist jedoch der Minifilm, den Sie auf der Startseite von FIFTIES HORROR finden.<\/p>\n<p style=\"text-align: center\">\u00a0&#8212;&#8212;&#8212;&#8212;&#8212;&#8212;&#8212;&#8212;&#8212;&#8212;&#8212;&#8212;&#8212;&#8212;&#8212;&#8212;&#8212;&#8212;&#8212;&#8212;&#8212;&#8212;&#8212;&#8212;&#8212;&#8212;&#8212;&#8212;&#8212;&#8212;&#8212;-<\/p>\n<h2 style=\"text-align: center\"><strong>FIFTIES HORROR in der Presse:<\/strong><\/h2>\n<p>Nachbericht des &#8222;K\u00f6lner Stadt-Anzeigers&#8220; am 12. November 2013 \u00fcber einen meiner <a href=\"http:\/\/www.ksta.de\/innenstadt\/-coeln-comic-kunst-und-trash-im-comic-haus,15187556,24995990.html\" target=\"_blank\">Horror-Lichtbild-Vortr\u00e4ge<\/a>.<br \/>\nPortr\u00e4t des &#8222;K\u00f6lner Stadt-Anzeigers&#8220; am 1. November 2011 \u00fcber meine <a href=\"http:\/\/www.ksta.de\/koeln-uebersicht\/portraet-moerderische-botschaften-aus-der-jugend,16341264,12009330.html\" target=\"_blank\">Leidenschaft f\u00fcr alte Horrorcomics<\/a>.<\/p>\n<p style=\"text-align: center\">\u00a0&#8212;&#8212;&#8212;&#8212;&#8212;&#8212;&#8212;&#8212;&#8212;&#8212;&#8212;&#8212;&#8212;&#8212;&#8212;&#8212;&#8212;&#8212;&#8212;&#8212;&#8212;&#8212;&#8212;&#8212;&#8212;&#8212;&#8212;&#8212;&#8212;&#8212;&#8212;-<\/p>\n<p>Ich danke meinen Helfern und Unterst\u00fctzern:<br \/>\nStefanie Corteyn (<a href=\"http:\/\/fullscreen.biz\/index.html\" target=\"_blank\">fullscreen grafikdesign<\/a>), Dirk Nett (<a href=\"http:\/\/www.computer-hilfe-koeln.de\/Schule.php\" target=\"_blank\">Computer-Schule K\u00f6ln<\/a>), Lars Hohlfeld (<a href=\"http:\/\/www.moma-artists.com\/wp\/?page_id=15\" target=\"_blank\">moma artists<\/a>), Jo Kirchherr (<a href=\"http:\/\/www.jokirchherr.com\/\" target=\"_blank\">Photographie<\/a>), J\u00f6rg Sicher (<a href=\"http:\/\/www.comicshop.de\/\" target=\"_blank\">Bonner Comicladen<\/a>), Susanne Flimm und Thomas Schmitz-Lippert (<a href=\"http:\/\/www.fantasticstore-online.de\/coeln-comic-haus.html\" target=\"_blank\">C\u00f6ln Comic Haus<\/a>), Michael Koslar und Volker Nettekoven (<a href=\"http:\/\/filmkontor600.de\/\" target=\"_blank\">Filmkontor 600<\/a>), Regina Arentz (<a href=\"http:\/\/dieregina.de\/\" target=\"_blank\">Agentur Zuckerst\u00fccke<\/a>) sowie Dirk Schmelz (<a href=\"http:\/\/www.pulpoprodukte.de\/index.htm\" target=\"_blank\">Pulpoprodukte<\/a>) &#8211; und nat\u00fcrlich Jim Vadeboncoeur, Jr. (<a href=\"http:\/\/www.bpib.com\/\" target=\"_blank\">JVJ Publishing<\/a>).<\/p>\n<div id=\"attachment_2218\" style=\"width: 590px\" class=\"wp-caption aligncenter\"><img loading=\"lazy\" decoding=\"async\" aria-describedby=\"caption-attachment-2218\" class=\"wp-image-2218 \" title=\"Jim Vadeboncoeur, Jr. und Tillmann Courth\" src=\"http:\/\/fifties-horror.de\/filecollection\/2011\/04\/TillJimImprint.jpg\" alt=\"TillJimImprint\" width=\"580\" height=\"415\" \/><p id=\"caption-attachment-2218\" class=\"wp-caption-text\">Soeben hat mir Jim Vadeboncoeur, Jr. verraten, wer die K\u00fcnstler in STRANGE STORIES FROM ANOTHER WORLD Nr. 2 sind, n\u00e4mlich Bob McCarty, Sheldon Moldoff und Ed Waldman. Und jetzt kommt ihr!<\/p><\/div>\n<p>Beruflich bin ich Komiker.<br \/>\nUnd das merkt man diesen Seiten auch an&#8230;<br \/>\nBierernst zu nehmen ist lediglich der folgende<strong><br \/>\n<\/strong><\/p>\n<h2>Disclaimer\/Haftungsausschluss<\/h2>\n<h3>1. Inhalt des Onlineangebotes<\/h3>\n<p>Die Autoren \u00fcbernehmen keinerlei Gew\u00e4hr f\u00fcr die Aktualit\u00e4t, Korrektheit, Vollst\u00e4ndigkeit oder Qualit\u00e4t der bereitgestellten Informationen. Haftungsanspr\u00fcche gegen die Autoren, die sich auf Sch\u00e4den materieller oder ideeller Art beziehen, die durch die Nutzung oder Nichtnutzung der angebotenen Informationen bzw. durch die Nutzung fehlerhafter und unvollst\u00e4ndiger Informationen verursacht wurden, sind grunds\u00e4tzlich ausgeschlossen, sofern seitens der Autoren kein nachweislich vors\u00e4tzliches oder grob fahrl\u00e4ssiges Verschulden vorliegt.<\/p>\n<p>Alle Angebote sind freibleibend und unverbindlich. Die Autoren behalten sich ausdr\u00fccklich vor, Teile der Seiten oder das gesamte Angebot ohne gesonderte Ank\u00fcndigung zu ver\u00e4ndern, zu erg\u00e4nzen, zu l\u00f6schen oder die Ver\u00f6ffentlichung zeitweise oder endg\u00fcltig einzustellen.<\/p>\n<h3>2. Verweise und Links<\/h3>\n<p>Bei direkten oder indirekten Verweisen auf fremde Webseiten (Hyperlinks), die au\u00dferhalb des Verantwortungsbereiches der Autoren liegen, w\u00fcrde eine Haftungsverpflichtung ausschlie\u00dflich in dem Fall in Kraft treten, in dem die Autoren von den Inhalten Kenntnis haben und es ihnen technisch m\u00f6glich und zumutbar w\u00e4re, die Nutzung im Falle rechtswidriger Inhalte zu verhindern.<br \/>\nDie Autoren erkl\u00e4ren hiermit ausdr\u00fccklich, dass zum Zeitpunkt der Linksetzung keine illegalen Inhalte auf den zu verlinkenden Seiten erkennbar waren.<\/p>\n<p>Auf die aktuelle und zuk\u00fcnftige Gestaltung, die Inhalte oder die Urheberschaft der verlinkten\/verkn\u00fcpften Seiten haben die Autoren keinerlei Einfluss.<br \/>\nDeshalb distanzieren sie sich hiermit ausdr\u00fccklich von den Inhalten aller verlinkten \/verkn\u00fcpften Seiten, die nach der Linksetzung ver\u00e4ndert wurden. Diese Feststellung gilt f\u00fcr alle innerhalb des eigenen Internetangebotes gesetzten Links und Verweise sowie f\u00fcr Fremdeintr\u00e4ge in von den Autoren eingerichteten G\u00e4steb\u00fcchern, Diskussionsforen, Linkverzeichnissen, Mailinglisten und in allen anderen Formen von Datenbanken, auf deren Inhalt externe Schreibzugriffe m\u00f6glich sind.<\/p>\n<p>F\u00fcr illegale, fehlerhafte oder unvollst\u00e4ndige Inhalte und insbesondere f\u00fcr Sch\u00e4den, die aus der Nutzung oder Nichtnutzung solcherart dargebotener Informationen entstehen, haftet allein der Anbieter der Seite, auf welche verwiesen wurde, nicht derjenige, der \u00fcber Links auf die jeweilige Ver\u00f6ffentlichung lediglich verweist.<\/p>\n<p><img loading=\"lazy\" decoding=\"async\" class=\"alignleft size-full wp-image-1280\" src=\"http:\/\/fifties-horror.de\/filecollection\/2011\/04\/FunnymanKlein.jpg\" alt=\"FunnymanKlein\" width=\"321\" height=\"448\" srcset=\"https:\/\/fifties-horror.de\/filecollection\/2011\/04\/FunnymanKlein.jpg 321w, https:\/\/fifties-horror.de\/filecollection\/2011\/04\/FunnymanKlein-214x300.jpg 214w\" sizes=\"(max-width: 321px) 100vw, 321px\" \/><\/p>\n<h3>3. Urheber- und Kennzeichenrecht<\/h3>\n<p>Die Autoren sind bestrebt, die Urheberrechte der verwendeten Bilder, Grafiken, Tondokumente, Videosequenzen und Texte zu beachten, von ihnen selbst erstellte Bilder, Grafiken, Tondokumente, Videosequenzen und Texte zu nutzen oder auf lizenzfreie Grafiken, Tondokumente, Videosequenzen und Texte zur\u00fcckzugreifen.<\/p>\n<p>Alle innerhalb des Internetangebotes genannten und ggf. durch Dritte gesch\u00fctzten Marken- und Warenzeichen unterliegen uneingeschr\u00e4nkt den Bestimmungen des jeweils g\u00fcltigen Kennzeichenrechts und den Besitzrechten der jeweiligen eingetragenen Eigent\u00fcmer. Allein aufgrund der blo\u00dfen Nennung ist nicht der Schluss zu ziehen, dass Markenzeichen nicht durch Rechte Dritter gesch\u00fctzt sind!<\/p>\n<p>Das Copyright f\u00fcr ver\u00f6ffentlichte, von den Autoren selbst erstellte Objekte bleibt allein bei den Autoren der Seiten. Eine Vervielf\u00e4ltigung oder Verwendung solcher Grafiken, Tondokumente, Videosequenzen und Texte in anderen elektronischen oder gedruckten Publikationen ist ohne ausdr\u00fcckliche Zustimmung der Autoren nicht gestattet.<\/p>\n<p><strong>Alle auf diesen Seiten gezeigte Schwarz-Wei\u00df-Scans entstammen den Ausgaben der EC Library und erfolgen mit freundlicher Genehmigung durch Russ Cochran. Dankesch\u00f6n!<\/strong><\/p>\n<h3>4. Datenschutz<\/h3>\n<p>Siehe separate <a href=\"http:\/\/fifties-horror.de\/datenschutzerklaerung\">Datenschutzerkl\u00e4rung<\/a>.<\/p>\n<h3>5. Rechtswirksamkeit dieses Haftungsausschlusses<\/h3>\n<p>Dieser Haftungsausschluss ist als Teil des Internetangebotes zu betrachten, von dem aus auf diese Seite verwiesen wurde. Sofern Teile oder einzelne Formulierungen dieses Textes der geltenden Rechtslage nicht, nicht mehr oder nicht vollst\u00e4ndig entsprechen sollten, bleiben die \u00fcbrigen Teile des Dokumentes in ihrem Inhalt und ihrer G\u00fcltigkeit davon unber\u00fchrt.<\/p>\n<h2>Sonstiges<\/h2>\n<p>Diese Seite wurde von <a title=\"fullscreen | grafik- und internetstudio\" href=\"http:\/\/fullscreen.biz\" target=\"_blank\">Stefanie Corteyn \/ fullscreen grafik- und internetstudio<\/a> erstellt.<\/p>\n","protected":false},"excerpt":{"rendered":"<p>Inhaltlich verantwortlich gem\u00e4\u00df \u00a7 10 Absatz 3 MDStV: &nbsp; Tillmann Courth Am Zuckerberg 9 50668 K\u00f6ln info@tillmanncourth.de oder mail@fifties-horror.de Freue mich \u00fcber Kontaktaufnahme, R\u00fcckfragen und sachdienliche Hinweise aller Art. Nat\u00fcrlich bin ich stets interessiert an Originalheften (da fehlen noch so einige, die noch kein Mensch \u00f6ffentlich zu Gesicht bekommen hat). Zur Person: Mein Name ist [&hellip;]<\/p>\n","protected":false},"author":4,"featured_media":0,"parent":0,"menu_order":20,"comment_status":"closed","ping_status":"closed","template":"","meta":{"footnotes":""},"_links":{"self":[{"href":"https:\/\/fifties-horror.de\/index.php?rest_route=\/wp\/v2\/pages\/11"}],"collection":[{"href":"https:\/\/fifties-horror.de\/index.php?rest_route=\/wp\/v2\/pages"}],"about":[{"href":"https:\/\/fifties-horror.de\/index.php?rest_route=\/wp\/v2\/types\/page"}],"author":[{"embeddable":true,"href":"https:\/\/fifties-horror.de\/index.php?rest_route=\/wp\/v2\/users\/4"}],"replies":[{"embeddable":true,"href":"https:\/\/fifties-horror.de\/index.php?rest_route=%2Fwp%2Fv2%2Fcomments&post=11"}],"version-history":[{"count":1,"href":"https:\/\/fifties-horror.de\/index.php?rest_route=\/wp\/v2\/pages\/11\/revisions"}],"predecessor-version":[{"id":7868,"href":"https:\/\/fifties-horror.de\/index.php?rest_route=\/wp\/v2\/pages\/11\/revisions\/7868"}],"wp:attachment":[{"href":"https:\/\/fifties-horror.de\/index.php?rest_route=%2Fwp%2Fv2%2Fmedia&parent=11"}],"curies":[{"name":"wp","href":"https:\/\/api.w.org\/{rel}","templated":true}]}}