{"id":3616,"date":"2013-08-06T11:53:10","date_gmt":"2013-08-06T09:53:10","guid":{"rendered":"http:\/\/fifties-horror.de\/?page_id=3616"},"modified":"2016-03-02T11:48:43","modified_gmt":"2016-03-02T10:48:43","slug":"ecs-shock-supenstories","status":"publish","type":"page","link":"https:\/\/fifties-horror.de\/?page_id=3616","title":{"rendered":"ECs &#8222;SHOCK Supenstories&#8220;"},"content":{"rendered":"<p style=\"text-align: center\"><img loading=\"lazy\" decoding=\"async\" class=\"size-full wp-image-1913 aligncenter\" title=\"ShockLogo_bearbeitet-1\" alt=\"\" src=\"http:\/\/fifties-horror.de\/filecollection\/2011\/12\/ShockLogo_bearbeitet-1.jpg\" width=\"620\" height=\"344\" srcset=\"https:\/\/fifties-horror.de\/filecollection\/2011\/12\/ShockLogo_bearbeitet-1.jpg 620w, https:\/\/fifties-horror.de\/filecollection\/2011\/12\/ShockLogo_bearbeitet-1-300x166.jpg 300w\" sizes=\"(max-width: 620px) 100vw, 620px\" \/><\/p>\n<p>Die Heftreihe \u201eSHOCK Suspenstories\u201c aus dem EC-Verlag erschien vom Februar 1952 bis Dezember 1954, brachte es auf 18 Ausgaben und z\u00e4hlt NICHT zum Horrorkanon, da es sich um \u201eHybridhefte\u201c handelt. Das bedeutet, in jeder Ausgabe fanden sich auch Stories aus den Bereichen Science-Fiction, Crime und eben \u201eShock\u201c.<\/p>\n<p>Dies war das Konzept dieser Serie: eine <strong>Mixtur aus allen popul\u00e4ren Genres<\/strong>.<br \/>\nDie \u201eSHOCK\u201c-Spannungsgeschichten (Supenstories) waren eine echte EC-Erfindung. Sie handelten kritisch Missst\u00e4nde der amerikanischen Gesellschaft ab, wurden hausintern jedoch (recht zynisch, wie ich finde) als \u201epreachies\u201c bezeichnet. Ein Neologismus, hergeleitet aus dem Verb \u201eto preach\u201c (predigen). Im Deutschen ist der abf\u00e4llige Begriff f\u00fcr \u201ePredigt\u201c ja \u201eSermon\u201c. Soweit dieser Exkurs.<\/p>\n<p>Was ist nun mit dem Horror in der Comicserie SHOCK? Kann er mithalten im Konzert der gro\u00dfen Schwestern TALES FROM THE CRYPT, VAULT OF HORROR und HAUNT OF FEAR? Auf jeden Fall. <strong>Einige der feinsten (und gemeinsten) Geschichten des Genres \u00fcberhaupt finden sich in diesen Heften<\/strong>.<\/p>\n<div id=\"attachment_1929\" style=\"width: 630px\" class=\"wp-caption aligncenter\"><img loading=\"lazy\" decoding=\"async\" aria-describedby=\"caption-attachment-1929\" class=\"size-full wp-image-1929 \" title=\"Sugar6klein\" alt=\"\" src=\"http:\/\/fifties-horror.de\/filecollection\/2011\/12\/Sugar6klein.jpg\" width=\"620\" height=\"297\" srcset=\"https:\/\/fifties-horror.de\/filecollection\/2011\/12\/Sugar6klein.jpg 620w, https:\/\/fifties-horror.de\/filecollection\/2011\/12\/Sugar6klein-300x143.jpg 300w\" sizes=\"(max-width: 620px) 100vw, 620px\" \/><p id=\"caption-attachment-1929\" class=\"wp-caption-text\">&#8222;Sugar &#8217;n Spice&#8220;: In der EC-Version von &#8222;H\u00e4nsel und Gretel&#8220; beh\u00e4lt die Hexe die Oberhand&#8230;<\/p><\/div>\n<p>Wobei man vorausschicken muss, dass das Auseinander-Dividieren von Crime und Horror bei EC nicht immer sauber hinzukriegen ist. Diese Problematik verdient einmal einen eigenen Essay. Beschr\u00e4nken wir uns f\u00fcr heute damit, nur diese Geschichten zu listen, die explizit als \u201eHORROR Suspenstory\u201c angek\u00fcndigt wurden (SHOCK Nr. 1 bis 10) oder von mir eindeutig als solche bewertet werden.<\/p>\n<p>Erstellen wir erst einmal einen<span style=\"color: #ff0000\"> \u201eSHOCK\u201c-Log<\/span>:<\/p>\n<p>\u201eThe Neat Job!\u201c (Frau zerst\u00fcckelt Mann), Zeichner: Jack Kamen (SHOCK Nr. 1)<\/p>\n<p>\u201eThe Rug!\u201c (J\u00e4ger wird zu Bettvorleger verarbeitet), Zeichner: Graham Ingels (SHOCK Nr. 1)<\/p>\n<p>\u201eHalloween!\u201c (Waisenkinder t\u00f6ten Peiniger), Zeichner: Graham Ingels (SHOCK Nr. 2)<\/p>\n<p>\u201eJust Desserts!\u201c (Mann enthauptet Abendgesellschaft), Zeichner: Jack Kamen (SHOCK Nr. 3)<\/p>\n<p>\u201eStumped!\u201c (J\u00e4ger amputiert sich eigenes Bein), Zeichner: Jack Davis (SHOCK Nr. 3)<\/p>\n<p>\u201eSplit Second!\u201c (Holzf\u00e4ller zerhackt Kollegen), Zeichner: Jack Kamen (SHOCK Nr. 4)<\/p>\n<p>\u201eUppercut!\u201c (Mann wird lebendig seziert), Zeichner: Jack Davis (SHOCK Nr. 4)<\/p>\n<div id=\"attachment_1944\" style=\"width: 320px\" class=\"wp-caption alignright\"><a href=\"http:\/\/fifties-horror.de\/filecollection\/2011\/12\/Carr5hoch.jpg\"><img loading=\"lazy\" decoding=\"async\" aria-describedby=\"caption-attachment-1944\" class=\"size-full wp-image-1944 \" title=\"Carr5hoch\" alt=\"\" src=\"http:\/\/fifties-horror.de\/filecollection\/2011\/12\/Carr5hoch.jpg\" width=\"310\" height=\"438\" srcset=\"https:\/\/fifties-horror.de\/filecollection\/2011\/12\/Carr5hoch.jpg 310w, https:\/\/fifties-horror.de\/filecollection\/2011\/12\/Carr5hoch-212x300.jpg 212w\" sizes=\"(max-width: 310px) 100vw, 310px\" \/><\/a><p id=\"caption-attachment-1944\" class=\"wp-caption-text\">&#8222;Carrion Death!&#8220;: Die Geier beginnen ihr unappetitliches Mahl&#8230;<\/p><\/div>\n<p>\u201eWell-Traveled!\u201c (Mann zerst\u00fcckelt Frau), Zeichner: Jack Kamen (SHOCK Nr. 5)<\/p>\n<p>\u201eCold Cuts!\u201c (Mann verspeist Frau), Zeichner: Jack Davis (SHOCK Nr. 5)<\/p>\n<p>\u201eSugar\u2019n Spice\u2019n\u2026\u201c (Hexe verbrennt Kinder), Zeichner: Graham Ingels (SHOCK Nr. 6)<\/p>\n<p>\u201eBeauty And The Beach!\u201c (Frau verbrennt unter Kunstlicht), Zeichner: Jack Kamen (SHOCK Nr. 7)<\/p>\n<p>\u201eThe Small Assassin!\u201c (Baby ermordet Mutter), Zeichner: George Evans (SHOCK Nr. 7)<\/p>\n<p>\u201ePiecemeal\u201c (Hai frisst Ehebrecher), Zeichner: Jack Kamen (SHOCK Nr. 8 )<\/p>\n<p>\u201eThe October Game\u201c (Vater zerst\u00fcckelt Tochter), Zeichner: Jack Kamen (SHOCK Nr. 9)<\/p>\n<p>\u201eCarrion Death!\u201c (Geier fressen Gangster), Zeichner: Reed Crandall (SHOCK Nr. 9)<\/p>\n<p>\u201eSweetie-Pie\u201c (Menschenfresser jagt Unfallopfer), Zeichner: Reed Crandall (SHOCK Nr. 10)<\/p>\n<p>\u201eThe Orphan\u201c (Tochter schickt Stiefeltern ins Grab), Zeichner: Jack Kamen (SHOCK Nr. 14)<\/p>\n<p>Der SHOCK-Horror endet mit der Heftnummer 10. In den letzten acht Ausgaben verzichtete die EC-Redaktion sowohl auf die Etikettierung als auch auf die inhaltliche Ausrichtung auf Grusel.<br \/>\nDie Gr\u00fcnde sind nicht bekannt, vielleicht ging den Autoren im Herbst 1953 die \u201eHorrorpuste\u201c aus. Oder sie mussten mit dieser die drei reinen Gruseltitel beleben\u2026<\/p>\n<p>\u201eThe Orphan\u201c aus Nr. 14 ist eine derb-unkorrekte Crime-Geschichte, die sogar vor dem Untersuchungsausschuss 1954 diskutiert wurde. Die geh\u00f6rt hier einfach mal erw\u00e4hnt. Meiner Meinung nach geh\u00f6ren die SHOCK-Ausgaben Nr. 1, 3, 4, 5, 7 und vor allem Nummer 9 zur Horrorliteratur.<\/p>\n<div id=\"attachment_1932\" style=\"width: 630px\" class=\"wp-caption aligncenter\"><img loading=\"lazy\" decoding=\"async\" aria-describedby=\"caption-attachment-1932\" class=\"size-full wp-image-1932 \" title=\"Well4klein\" alt=\"\" src=\"http:\/\/fifties-horror.de\/filecollection\/2011\/12\/Well4klein.jpg\" width=\"620\" height=\"307\" srcset=\"https:\/\/fifties-horror.de\/filecollection\/2011\/12\/Well4klein.jpg 620w, https:\/\/fifties-horror.de\/filecollection\/2011\/12\/Well4klein-300x148.jpg 300w\" sizes=\"(max-width: 620px) 100vw, 620px\" \/><p id=\"caption-attachment-1932\" class=\"wp-caption-text\">\u201eWell-Traveled!\u201c: Der Hobby-Eisenbahner hat seine Frau als St\u00fcckgut auf die Bahn gebracht&#8230;<\/p><\/div>\n<p>SHOCK SUSPENSTORIES Nr. 9 bietet zwei der wuchtigsten Geschichten, die \u00fcberhaupt jemals ver\u00f6ffentlicht wurden.<br \/>\n\u201eThe October Game\u201c schildert einen unfassbar grausigen Kindermord und verst\u00f6rt den Leser mit kryptisch-lakonischen S\u00e4tzen (adaptiert nach Ray Bradbury).<br \/>\nDer vielverschm\u00e4hte Jack Kamen \u00fcbrigens liefert nicht nur hier, sondern in der kompletten Reihe SHOCK seine besten Werke ab.<br \/>\n\u201eCarrion Death\u201c ist ein grafisch packender Thriller aus der Zeichenfeder Reed Crandalls. Die Grundkonstellation ist simpel und be\u00e4ngstigend. An eine Leiche gekettet, schleppt sich ein Verbrecher durch die sengende W\u00fcste. Als Geier herabsto\u00dfen, erfasst den Mann eine letzte tr\u00fcgerische Hoffnung. Das Ende ist nichts weniger als schockierend, die letzten Worte hallen unvergesslich nach: \u201eFor I am dead\u2026\u201c. Denn ich bin tot.<\/p>\n<p><strong>Die EC-Reihe SHOCK SUSPENSTORIES eignet sich als gutes Studienobjekt f\u00fcr EC-Neulinge.<\/strong><br \/>\nSHOCK erscheint in einer Phase, in der die Zeichner auf ihrem H\u00f6hepunkt arbeiten. Zudem beginnt SHOCK als \u201eEC-Wundert\u00fcte\u201c mit bunt gemischten Genres und entwickelt sich in den sp\u00e4teren Ausgaben zu einem Heft mit eigenwilliger, drastischer und d\u00fcsterer Spannungsliteratur.<\/p>\n<p><a href=\"http:\/\/fifties-horror.de\/filecollection\/2011\/12\/ShockCover1620.jpg\"><img loading=\"lazy\" decoding=\"async\" class=\"alignleft size-full wp-image-1916\" title=\"ShockCover1620\" alt=\"\" src=\"http:\/\/fifties-horror.de\/filecollection\/2011\/12\/ShockCover1620.jpg\" width=\"446\" height=\"611\" srcset=\"https:\/\/fifties-horror.de\/filecollection\/2011\/12\/ShockCover1620.jpg 620w, https:\/\/fifties-horror.de\/filecollection\/2011\/12\/ShockCover1620-219x300.jpg 219w\" sizes=\"(max-width: 446px) 100vw, 446px\" \/><\/a>Deshalb breche ich bei FIFTIES HORROR eine Lanze f\u00fcr diesen Comic, der in EC-Aufarbeitungen sicherlich zu kurz kommt. \u00dcber den Hype um MAD, den Crypt Keeper, Kurtzmans Kriegstitel und die intelligente Science Fiction vergisst man regelm\u00e4\u00dfig die beiden \u201eSuspense\u201c-Reihen \u201eSHOCK\u201c und \u201eCRIME\u201c.<\/p>\n<p>Zudem bin ich ein Riesenfan des \u201eSHOCK\u201c-Logos.<br \/>\nDiese \u201eelektrisierte\u201c Schrift ist genial und passt wie die sprichw\u00f6rtliche Faust aufs Auge.<\/p>\n<p>Siehe Titelbild von Ausgabe Nr. 1, auf welchem der Schriftzug SHOCK den Stromfluss des elektrischen Stuhls symbolisiert.<\/p>\n<p>&nbsp;<\/p>\n","protected":false},"excerpt":{"rendered":"<p>Die Heftreihe \u201eSHOCK Suspenstories\u201c aus dem EC-Verlag erschien vom Februar 1952 bis Dezember 1954, brachte es auf 18 Ausgaben und z\u00e4hlt NICHT zum Horrorkanon, da es sich um \u201eHybridhefte\u201c handelt. Das bedeutet, in jeder Ausgabe fanden sich auch Stories aus den Bereichen Science-Fiction, Crime und eben \u201eShock\u201c. Dies war das Konzept dieser Serie: eine Mixtur [&hellip;]<\/p>\n","protected":false},"author":4,"featured_media":3802,"parent":3594,"menu_order":8,"comment_status":"closed","ping_status":"closed","template":"page-wissen.php","meta":{"footnotes":""},"_links":{"self":[{"href":"https:\/\/fifties-horror.de\/index.php?rest_route=\/wp\/v2\/pages\/3616"}],"collection":[{"href":"https:\/\/fifties-horror.de\/index.php?rest_route=\/wp\/v2\/pages"}],"about":[{"href":"https:\/\/fifties-horror.de\/index.php?rest_route=\/wp\/v2\/types\/page"}],"author":[{"embeddable":true,"href":"https:\/\/fifties-horror.de\/index.php?rest_route=\/wp\/v2\/users\/4"}],"replies":[{"embeddable":true,"href":"https:\/\/fifties-horror.de\/index.php?rest_route=%2Fwp%2Fv2%2Fcomments&post=3616"}],"version-history":[{"count":0,"href":"https:\/\/fifties-horror.de\/index.php?rest_route=\/wp\/v2\/pages\/3616\/revisions"}],"up":[{"embeddable":true,"href":"https:\/\/fifties-horror.de\/index.php?rest_route=\/wp\/v2\/pages\/3594"}],"wp:featuredmedia":[{"embeddable":true,"href":"https:\/\/fifties-horror.de\/index.php?rest_route=\/wp\/v2\/media\/3802"}],"wp:attachment":[{"href":"https:\/\/fifties-horror.de\/index.php?rest_route=%2Fwp%2Fv2%2Fmedia&parent=3616"}],"curies":[{"name":"wp","href":"https:\/\/api.w.org\/{rel}","templated":true}]}}