{"id":3625,"date":"2013-08-06T11:58:19","date_gmt":"2013-08-06T09:58:19","guid":{"rendered":"http:\/\/fifties-horror.de\/?page_id=3625"},"modified":"2013-08-06T15:05:38","modified_gmt":"2013-08-06T13:05:38","slug":"horror-historie-tales-of-terror-in-yellowjacket-194546","status":"publish","type":"page","link":"https:\/\/fifties-horror.de\/?page_id=3625","title":{"rendered":"Horror-Historie: \u201cTales Of Terror\u201d in YELLOWJACKET (1945\/46)"},"content":{"rendered":"<p>Vor dem Horrorboom ab 1950 gab es einige \u201eFeldversuche\u201c, die recht gut dokumentiert sind. Seit dem Herbst 1948 lag das erste fortlaufend erscheinende Gruselheft an den Kiosken (ACGs ADVENTURES INTO THE UNKNOWN), und schon im Januar 1947 erschien die einmalige Ausgabe von Avons EERIE (erstes komplett konzipiertes Horrorheft). Was aber ist, wenn man weiter in der Zeit zur\u00fcckreist?<\/p>\n<p>Der britische Horrorexperte Peter Normanton hat darauf hingewiesen, dass es VOR diesen Prototypen und Trendsettern in Charltons kurzlebiger Heftserie YELLOWJACKET schon erste Versuche mit Comicadaptionen nach Edgar Allan Poe gab &#8211; sowie eine Reihe von \u201eTerror Tales\u201c.<br \/>\nIch bin dieser Marginalie nie nachgegangen, bis mich Jim Vadeboncoeur, Jr. drauf aufmerksam machte, dass es dort eine \u201eOld Witch\u201c VOR der \u201eOld Witch\u201c von EC gegeben habe. Da war meine Neugier geweckt, und ich habe mal konkret nachgeschaut. <a href=\"http:\/\/fifties-horror.de\/filecollection\/2012\/04\/YellowCover.jpg\"><img loading=\"lazy\" decoding=\"async\" class=\"alignright  wp-image-2227\" title=\"YellowCover\" alt=\"\" src=\"http:\/\/fifties-horror.de\/filecollection\/2012\/04\/YellowCover.jpg\" width=\"320\" height=\"442\" \/><\/a><\/p>\n<p>YELLOWJACKET ist ein Superheld in Schwarz-Gelbem Kost\u00fcm und benannt nach einer nordamerikanischen Wespenart, die \u201eYellowjacket\u201c hei\u00dft. Seine Superkraft besteht darin, dass er einen Wespenschwarm kontrollieren kann. Und nat\u00fcrlich t\u00fcchtig herumpr\u00fcgelt, mit Wespen allein ist es nicht getan.<\/p>\n<p>Das Heft erscheint bei der \u201eFrank Comunale Publishing Company\u201c (was ein bisserl nach Geldwaschoperation klingt\u2026), aus der schlie\u00dflich der langlebige Charlton-Verlag hervorgeht.<br \/>\nYELLOWJACKET pr\u00e4sentiert neben der \u201eleadstory\u201c um den Helden mit der Wespentaille (<em>Spa\u00df!<\/em>) Geschichten um \u201eDiana The Huntress\u201c (die griechische G\u00f6ttin in irdischem Zweikampf mit Nazis, <em>kein Spa\u00df!<\/em>), den Abenteuerstrip \u201eKing Of The Beasts\u201c, eine Crimestory unter dem Label \u201eHarbor Lights\u201c, eine Kriegsstory von der Pazifikfront mit \u201eThe Filipino Kid\u201c und eben auch ein Feature namens <span style=\"color: #ff0000;\">\u201eTales Of Terror\u201c<\/span>. Tats\u00e4chlich enthalten 8 der 10 Nummern dieses Comichefts einen solchen Beitrag \u2013 sie seien hier einmal aufgelistet: <strong><\/strong><\/p>\n<p><strong>YELLOWJACKET #1<\/strong><\/p>\n<p>(September 1944) Famous Tales Of Terror \u2013 Edgar Allen (<em>sic!<\/em>) Poe\u2019s \u201cThe Black Cat\u201d<\/p>\n<p><strong>YELLOWJACKET #3<\/strong><\/p>\n<p>(November 1944) Famous Tales Of Terror \u2013 Edgar Allans (<em>sic!<\/em>) Poe\u2019s \u201cThe Pit And The Pendulum\u201d<\/p>\n<p>Im dritten Anlauf haben sie dann die Namensschreibweise hinbekommen (und sicherheitshalber den Genetiv durch ein \u201eby\u201c umgangen): <strong><\/strong><\/p>\n<p><strong>YELLOWJACKET #4<\/strong> (Dezember 1944) Famous Tales Of Terror by Edgar Allan Poe: \u201cThe Fall Of The House Of Usher!\u201d<\/p>\n<p>Dann pausiert der Titel ein volles Jahr (ist alles schon vorgekommen) und erscheint wieder mit der Nummer 6 (und der korrekten Schreibweise im Genitiv!). Vielleicht hat es deshalb solange gedauert.<\/p>\n<p><strong>YELLOWJACKET #6<\/strong> (Dezember 1945) Famous Tales Of Terror &#8211; Edgar Allan Poe\u2019s \u201cThe Tell Tale Heart\u201d<\/p>\n<p>Bittesch\u00f6n. Geht doch. Damit ist allerdings auch schon Schluss mit Comic-Literaturadaptionen, denn die n\u00e4chste Ausgabe von YELLOWJACKET pr\u00e4sentiert eine Welturauff\u00fchrung: <span style=\"color: #ff0000;\">Die erste veritable Horrorkurzgeschichte mit einem \u201ehost\u201c<\/span>.<br \/>\nUnd der ist eine alte Hexe, die der Old Witch von ECs HAUNT OF FEAR verdammt \u00e4hnlich sieht!<br \/>\nSie bedient sich sogar des ironischen Duktus, der damit nicht mehr als origin\u00e4re Erfindung der EC-Macher Gaines und Feldstein gelten darf. Und wieder l\u00f6st sich ein EC-Mythos auf wie ein Mordopfer im S\u00e4urebad, harhar. <strong><\/strong><\/p>\n<p><strong>YELLOWJACKET #7<\/strong> (Januar 1946) Tales Of Terror &#8211; \u201cThe Avenging Hand\u201d (Old Witch) \/ Artwork: Alan Mandel<\/p>\n<p>Eine reinrassige Horrorgeschichte, die wir in einer Weltpremiere als FIFTIES HORROR-Vollscan pr\u00e4sentieren. <em><\/em><\/p>\n<p><em>Man verzeihe den kruden Zeichenstil, aber so waren die 40er!<br \/>\nGrafisch interessant (nat\u00fcrlich von Ausnahmen abgesehen!) werden erst die 50er Jahre.<br \/>\nWie gebetsm\u00fchlenartig zu wiederholen ich nicht m\u00fcde werde.<\/em><\/p>\n<p><em><\/em> <a href=\"http:\/\/fifties-horror.de\/filecollection\/2012\/04\/Yellow1.jpg\"><img loading=\"lazy\" decoding=\"async\" class=\"alignright  wp-image-2231\" title=\"Yellow1\" alt=\"\" src=\"http:\/\/fifties-horror.de\/filecollection\/2012\/04\/Yellow1.jpg\" width=\"1000\" height=\"1374\" srcset=\"https:\/\/fifties-horror.de\/filecollection\/2012\/04\/Yellow1.jpg 1000w, https:\/\/fifties-horror.de\/filecollection\/2012\/04\/Yellow1-218x300.jpg 218w, https:\/\/fifties-horror.de\/filecollection\/2012\/04\/Yellow1-745x1024.jpg 745w, https:\/\/fifties-horror.de\/filecollection\/2012\/04\/Yellow1-624x857.jpg 624w\" sizes=\"(max-width: 1000px) 100vw, 1000px\" \/><\/a><a href=\"http:\/\/fifties-horror.de\/filecollection\/2012\/04\/Yellow2.jpg\"><img loading=\"lazy\" decoding=\"async\" class=\"alignright  wp-image-2232\" title=\"Yellow2\" alt=\"\" src=\"http:\/\/fifties-horror.de\/filecollection\/2012\/04\/Yellow2.jpg\" width=\"1000\" height=\"1400\" srcset=\"https:\/\/fifties-horror.de\/filecollection\/2012\/04\/Yellow2.jpg 1000w, https:\/\/fifties-horror.de\/filecollection\/2012\/04\/Yellow2-214x300.jpg 214w, https:\/\/fifties-horror.de\/filecollection\/2012\/04\/Yellow2-731x1024.jpg 731w, https:\/\/fifties-horror.de\/filecollection\/2012\/04\/Yellow2-624x873.jpg 624w\" sizes=\"(max-width: 1000px) 100vw, 1000px\" \/><\/a><a href=\"http:\/\/fifties-horror.de\/filecollection\/2012\/04\/Yellow3.jpg\"><img loading=\"lazy\" decoding=\"async\" class=\"alignright  wp-image-2233\" title=\"Yellow3\" alt=\"\" src=\"http:\/\/fifties-horror.de\/filecollection\/2012\/04\/Yellow3.jpg\" width=\"1000\" height=\"1387\" srcset=\"https:\/\/fifties-horror.de\/filecollection\/2012\/04\/Yellow3.jpg 1000w, https:\/\/fifties-horror.de\/filecollection\/2012\/04\/Yellow3-216x300.jpg 216w, https:\/\/fifties-horror.de\/filecollection\/2012\/04\/Yellow3-738x1024.jpg 738w, https:\/\/fifties-horror.de\/filecollection\/2012\/04\/Yellow3-624x865.jpg 624w\" sizes=\"(max-width: 1000px) 100vw, 1000px\" \/><\/a><a href=\"http:\/\/fifties-horror.de\/filecollection\/2012\/04\/Yellow4.jpg\"><img loading=\"lazy\" decoding=\"async\" class=\"alignright  wp-image-2234\" title=\"Yellow4\" alt=\"\" src=\"http:\/\/fifties-horror.de\/filecollection\/2012\/04\/Yellow4.jpg\" width=\"1000\" height=\"1417\" srcset=\"https:\/\/fifties-horror.de\/filecollection\/2012\/04\/Yellow4.jpg 1000w, https:\/\/fifties-horror.de\/filecollection\/2012\/04\/Yellow4-211x300.jpg 211w, https:\/\/fifties-horror.de\/filecollection\/2012\/04\/Yellow4-722x1024.jpg 722w, https:\/\/fifties-horror.de\/filecollection\/2012\/04\/Yellow4-624x884.jpg 624w\" sizes=\"(max-width: 1000px) 100vw, 1000px\" \/><\/a><a href=\"http:\/\/fifties-horror.de\/filecollection\/2012\/04\/Yellow5.jpg\"><img loading=\"lazy\" decoding=\"async\" class=\"alignright  wp-image-2235\" title=\"Yellow5\" alt=\"\" src=\"http:\/\/fifties-horror.de\/filecollection\/2012\/04\/Yellow5.jpg\" width=\"1000\" height=\"1425\" srcset=\"https:\/\/fifties-horror.de\/filecollection\/2012\/04\/Yellow5.jpg 1000w, https:\/\/fifties-horror.de\/filecollection\/2012\/04\/Yellow5-210x300.jpg 210w, https:\/\/fifties-horror.de\/filecollection\/2012\/04\/Yellow5-718x1024.jpg 718w, https:\/\/fifties-horror.de\/filecollection\/2012\/04\/Yellow5-624x889.jpg 624w\" sizes=\"(max-width: 1000px) 100vw, 1000px\" \/><\/a><a href=\"http:\/\/fifties-horror.de\/filecollection\/2012\/04\/Yellow6.jpg\"><img loading=\"lazy\" decoding=\"async\" class=\"alignright  wp-image-2236\" title=\"Yellow6\" alt=\"\" src=\"http:\/\/fifties-horror.de\/filecollection\/2012\/04\/Yellow6.jpg\" width=\"1000\" height=\"1425\" srcset=\"https:\/\/fifties-horror.de\/filecollection\/2012\/04\/Yellow6.jpg 1000w, https:\/\/fifties-horror.de\/filecollection\/2012\/04\/Yellow6-210x300.jpg 210w, https:\/\/fifties-horror.de\/filecollection\/2012\/04\/Yellow6-718x1024.jpg 718w, https:\/\/fifties-horror.de\/filecollection\/2012\/04\/Yellow6-624x889.jpg 624w\" sizes=\"(max-width: 1000px) 100vw, 1000px\" \/><\/a><a href=\"http:\/\/fifties-horror.de\/filecollection\/2012\/04\/Yellow7.jpg\"><img loading=\"lazy\" decoding=\"async\" class=\"alignright  wp-image-2237\" title=\"Yellow7\" alt=\"\" src=\"http:\/\/fifties-horror.de\/filecollection\/2012\/04\/Yellow7.jpg\" width=\"1000\" height=\"1458\" srcset=\"https:\/\/fifties-horror.de\/filecollection\/2012\/04\/Yellow7.jpg 1000w, https:\/\/fifties-horror.de\/filecollection\/2012\/04\/Yellow7-205x300.jpg 205w, https:\/\/fifties-horror.de\/filecollection\/2012\/04\/Yellow7-702x1024.jpg 702w, https:\/\/fifties-horror.de\/filecollection\/2012\/04\/Yellow7-624x909.jpg 624w\" sizes=\"(max-width: 1000px) 100vw, 1000px\" \/><\/a><\/p>\n<p>Diese Hexe hat schon alles drauf, dessen sich EC vier Jahr sp\u00e4ter bedienen wird.<br \/>\nSie lacht ihr Hexenlachen, sie verabreicht uns eine teuflische Portion aus ihrem Hexenkessel, sie verspricht uns einen \u201eunruhigen Schlummer\u201c und verabschiedet uns mit wohligem Grusel.<br \/>\nDieses Muster ist kein einmaliges Experiment, es folgen drei weitere Folgen. <strong><\/strong><\/p>\n<p><strong>YELLOWJACKET #8 <\/strong> (Februar 1946) Tales Of Terror &#8211; \u201cThe Third Wish\u201d (Old Witch) \/ Artwork: Alan Mandel<\/p>\n<p>Der Teufel macht einem Ehepaar ein Geschenk mit einem Haken. Drei W\u00fcnsche werden erf\u00fcllt, aber jeder zieht den Tod nach sich. Der Wunsch nach Geld resultiert zum Beispiel darin, dass die Tochter t\u00f6dlich verungl\u00fcckt und deshalb eine Versicherung ausbezahlt wird.<\/p>\n<p>Diese Geschichte wird \u2013 leicht variiert &#8211; wieder aufgelegt in Standard\u2019s OUT OF THE SHADOWS Nr. 11 (Januar 1954)! Hei\u00dft dort allerdings \u201eCoin Of Evil\u201c. Ist jedoch exakt dieselbe Geschichte. Aha, aha. Hier haben sich offenbar noch weitere Comicmacher \u201einspirieren\u201c lassen.<\/p>\n<p>Und soeben entdecke ich eine weitere Variante: In Harveys BLACK CAT MYSTERY Nr. 34 (April 1952) gestaltet Rudy Palais diesen Stoff in &#8222;Hand Of The Yogi&#8220; auf seine eigene, rei\u00dferische Art und Weise.<\/p>\n<p><strong>YELLOWJACKET #9<\/strong> (April 1946) Tales Of Terror \u2013 (ohne Titel) (Old Witch) \/ Artwork: Alan Mandel<\/p>\n<p>Vier Fremde in Tibet suchen einen Tempelschatz und kommen der Reihe nach um, als sie versuchen den Schatz zu bergen. Den letzen Abenteurer erschl\u00e4gt das umst\u00fcrzende G\u00f6tzenidol.<br \/>\nAuch solche Geschichten gab es sp\u00e4ter wieder. Dieser Handlungsplot ist mir allein bei Studium der Ace-Horrorhefte gef\u00fchlte drei Mal (mindestens!) untergekommen. <strong><\/strong><\/p>\n<p><strong>YELLOWJACKET #10<\/strong> (Juni 1946) Tales Of Terror &#8211; \u201cGold! Gold! Gold!\u201d (Old Witch) \/ Artwork: ???<\/p>\n<p>Grausame Geschichte um einen Farmer, der in der wackligen Scheune einen Goldschatz versteckt. Seine beiden (erwachsenen) Kinder schl\u00e4gt er, am Ende sogar zu Tode. Der Farmer stirbt in der kollabierenden Scheune.<a href=\"http:\/\/fifties-horror.de\/filecollection\/2012\/04\/JackInBox.jpg\"><img loading=\"lazy\" decoding=\"async\" class=\"alignright  wp-image-2229\" title=\"JackInBox\" alt=\"\" src=\"http:\/\/fifties-horror.de\/filecollection\/2012\/04\/JackInBox.jpg\" width=\"288\" height=\"421\" srcset=\"https:\/\/fifties-horror.de\/filecollection\/2012\/04\/JackInBox.jpg 400w, https:\/\/fifties-horror.de\/filecollection\/2012\/04\/JackInBox-205x300.jpg 205w\" sizes=\"(max-width: 288px) 100vw, 288px\" \/><\/a><\/p>\n<p>Mit der Nummer 11 wandelt sich YELLOWJACKET zum humorigen Funny-Titel JACK IN THE BOX COMICS und st\u00f6\u00dft sein Feature \u201eTales Of Terror\u201c ab (obwohl das Cover dieser ersten Ausgabe &#8211; <em>siehe nebenstehend<\/em> &#8211; eigentlich auch purer Horror ist!). <strong><\/strong><\/p>\n<p><strong>Unser Fazit:<\/strong><\/p>\n<p>Diese vier ersten Gruselstories bilden eine beachtliche Miniserie und <strong>stecken den Kosmos der Horrorcomics<\/strong> (wie er vier Jahre sp\u00e4ter entsteht)<strong> schon erstaunlich gut ab.<\/strong><br \/>\nM\u00f6rder, die von Visionen ihrer Opfer verfolgt werden.<br \/>\nDie Gew\u00e4hrung dreier W\u00fcnsche, die immer ins Verderben f\u00fchren.<br \/>\nGierige Abenteurer, die auf keine Warnung h\u00f6ren und mittels h\u00f6herer Gewalt entleibt werden.<br \/>\nGewaltl\u00fcsterne Psychopathen, die sinnlosen Terror verbreiten.<br \/>\nLetzteres Muster streift den Grenzbereich zum Crime-Genre und kommt teilweise ohne \u00fcbernat\u00fcrliches Element aus. Das alles kenne ich aus den Heften der 50er Jahre.<\/p>\n<p>Hut ab, YELLOWJACKET! <em><\/em><\/p>\n<p><em>(Wer genauere Studien treiben m\u00f6chte: S\u00e4mtliche Ausgaben von YELLOWJACKET liegen auf dem Digital Comic Museum vor &#8211; und zwar <a href=\"http:\/\/digitalcomicmuseum.com\/index.php?cid=405\" target=\"_blank\">HIER<\/a>.)<\/em><\/p>\n<p>&nbsp;<\/p>\n","protected":false},"excerpt":{"rendered":"<p>Vor dem Horrorboom ab 1950 gab es einige \u201eFeldversuche\u201c, die recht gut dokumentiert sind. Seit dem Herbst 1948 lag das erste fortlaufend erscheinende Gruselheft an den Kiosken (ACGs ADVENTURES INTO THE UNKNOWN), und schon im Januar 1947 erschien die einmalige Ausgabe von Avons EERIE (erstes komplett konzipiertes Horrorheft). Was aber ist, wenn man weiter in [&hellip;]<\/p>\n","protected":false},"author":4,"featured_media":3802,"parent":3594,"menu_order":12,"comment_status":"closed","ping_status":"closed","template":"page-wissen.php","meta":{"footnotes":""},"_links":{"self":[{"href":"https:\/\/fifties-horror.de\/index.php?rest_route=\/wp\/v2\/pages\/3625"}],"collection":[{"href":"https:\/\/fifties-horror.de\/index.php?rest_route=\/wp\/v2\/pages"}],"about":[{"href":"https:\/\/fifties-horror.de\/index.php?rest_route=\/wp\/v2\/types\/page"}],"author":[{"embeddable":true,"href":"https:\/\/fifties-horror.de\/index.php?rest_route=\/wp\/v2\/users\/4"}],"replies":[{"embeddable":true,"href":"https:\/\/fifties-horror.de\/index.php?rest_route=%2Fwp%2Fv2%2Fcomments&post=3625"}],"version-history":[{"count":0,"href":"https:\/\/fifties-horror.de\/index.php?rest_route=\/wp\/v2\/pages\/3625\/revisions"}],"up":[{"embeddable":true,"href":"https:\/\/fifties-horror.de\/index.php?rest_route=\/wp\/v2\/pages\/3594"}],"wp:featuredmedia":[{"embeddable":true,"href":"https:\/\/fifties-horror.de\/index.php?rest_route=\/wp\/v2\/media\/3802"}],"wp:attachment":[{"href":"https:\/\/fifties-horror.de\/index.php?rest_route=%2Fwp%2Fv2%2Fmedia&parent=3625"}],"curies":[{"name":"wp","href":"https:\/\/api.w.org\/{rel}","templated":true}]}}